{"id":1532,"date":"2024-01-31T09:12:39","date_gmt":"2024-01-31T09:12:39","guid":{"rendered":"https:\/\/hcc-karneval.de\/?page_id=1532"},"modified":"2024-01-31T09:22:55","modified_gmt":"2024-01-31T09:22:55","slug":"sommernachtsumzug-2022","status":"publish","type":"page","link":"https:\/\/hcc-karneval.de\/?page_id=1532","title":{"rendered":"Sommernachtsumzug 2023"},"content":{"rendered":"\t\t<div data-elementor-type=\"wp-page\" data-elementor-id=\"1532\" class=\"elementor elementor-1532\">\n\t\t\t\t\t\t<div class=\"elementor-inner\">\n\t\t\t\t<div class=\"elementor-section-wrap\">\n\t\t\t\t\t\t\t\t\t<section class=\"elementor-section elementor-top-section elementor-element elementor-element-aed336a elementor-section-boxed elementor-section-height-default elementor-section-height-default\" data-id=\"aed336a\" data-element_type=\"section\">\n\t\t\t\t\t\t<div class=\"elementor-container elementor-column-gap-default\">\n\t\t\t\t\t\t\t<div class=\"elementor-row\">\n\t\t\t\t\t<div class=\"elementor-column elementor-col-100 elementor-top-column elementor-element elementor-element-3a90b05\" data-id=\"3a90b05\" data-element_type=\"column\">\n\t\t\t<div class=\"elementor-column-wrap elementor-element-populated\">\n\t\t\t\t\t\t\t<div class=\"elementor-widget-wrap\">\n\t\t\t\t\t\t<div class=\"elementor-element elementor-element-ea517ae elementor-widget elementor-widget-text-editor\" data-id=\"ea517ae\" data-element_type=\"widget\" data-widget_type=\"text-editor.default\">\n\t\t\t\t<div class=\"elementor-widget-container\">\n\t\t\t\t\t\t\t\t<div class=\"elementor-text-editor elementor-clearfix\">\n\t\t\t\t<p>H\u00f6hepunkt des dreit\u00e4gigen Jubil\u00e4umsfestes war der Nachtumzug am Samstagabend mit 30 Fu\u00dfgruppen, die dank ihrer ausgelassenen Fr\u00f6hlichkeit und angesichts der hochsommerlichen Temperaturen f\u00fcr brasilianisches Flair entlang der Umzugsstrecke sorgten.<br><\/p>\t\t\t\t\t<\/div>\n\t\t\t\t\t\t<\/div>\n\t\t\t\t<\/div>\n\t\t\t\t\t\t<\/div>\n\t\t\t\t\t<\/div>\n\t\t<\/div>\n\t\t\t\t\t\t\t\t<\/div>\n\t\t\t\t\t<\/div>\n\t\t<\/section>\n\t\t\t\t<section class=\"elementor-section elementor-top-section elementor-element elementor-element-83d9539 elementor-section-boxed elementor-section-height-default elementor-section-height-default\" data-id=\"83d9539\" data-element_type=\"section\">\n\t\t\t\t\t\t<div class=\"elementor-container elementor-column-gap-default\">\n\t\t\t\t\t\t\t<div class=\"elementor-row\">\n\t\t\t\t\t<div class=\"elementor-column elementor-col-100 elementor-top-column elementor-element elementor-element-8c38d9c\" data-id=\"8c38d9c\" data-element_type=\"column\">\n\t\t\t<div class=\"elementor-column-wrap elementor-element-populated\">\n\t\t\t\t\t\t\t<div class=\"elementor-widget-wrap\">\n\t\t\t\t\t\t<div class=\"elementor-element elementor-element-5283f56 elementor-widget elementor-widget-image-gallery\" data-id=\"5283f56\" data-element_type=\"widget\" data-widget_type=\"image-gallery.default\">\n\t\t\t\t<div class=\"elementor-widget-container\">\n\t\t\t\t\t<div class=\"elementor-image-gallery\">\n\t\t\t<div id='gallery-1' class='gallery galleryid-1532 gallery-columns-3 gallery-size-thumbnail'><figure class='gallery-item'>\n\t\t\t<div class='gallery-icon landscape'>\n\t\t\t\t<a data-elementor-open-lightbox=\"yes\" data-elementor-lightbox-slideshow=\"5283f56\" data-elementor-lightbox-title=\"FB_IMG_1690354745907\" e-action-hash=\"#elementor-action%3Aaction%3Dlightbox%26settings%3DeyJpZCI6MTMwOCwidXJsIjoiaHR0cHM6XC9cL2hjYy1rYXJuZXZhbC5kZVwvd3AtY29udGVudFwvdXBsb2Fkc1wvMjAyM1wvMDdcL0ZCX0lNR18xNjkwMzU0NzQ1OTA3LmpwZyIsInNsaWRlc2hvdyI6IjUyODNmNTYifQ%3D%3D\" href='https:\/\/hcc-karneval.de\/wp-content\/uploads\/2023\/07\/FB_IMG_1690354745907.jpg'><img width=\"150\" height=\"150\" src=\"https:\/\/hcc-karneval.de\/wp-content\/uploads\/2023\/07\/FB_IMG_1690354745907-150x150.jpg\" class=\"attachment-thumbnail size-thumbnail\" alt=\"\" decoding=\"async\" loading=\"lazy\" aria-describedby=\"gallery-1-1308\" srcset=\"https:\/\/hcc-karneval.de\/wp-content\/uploads\/2023\/07\/FB_IMG_1690354745907-150x150.jpg 150w, https:\/\/hcc-karneval.de\/wp-content\/uploads\/2023\/07\/FB_IMG_1690354745907-100x100.jpg 100w\" sizes=\"100vw\" \/><\/a>\n\t\t\t<\/div>\n\t\t\t\t<figcaption class='wp-caption-text gallery-caption' id='gallery-1-1308'>\n\t\t\t\tFoto: Hans-Joachim Of\n\t\t\t\t<\/figcaption><\/figure><figure class='gallery-item'>\n\t\t\t<div class='gallery-icon landscape'>\n\t\t\t\t<a data-elementor-open-lightbox=\"yes\" data-elementor-lightbox-slideshow=\"5283f56\" data-elementor-lightbox-title=\"FB_IMG_1690354779958\" e-action-hash=\"#elementor-action%3Aaction%3Dlightbox%26settings%3DeyJpZCI6MTMxMCwidXJsIjoiaHR0cHM6XC9cL2hjYy1rYXJuZXZhbC5kZVwvd3AtY29udGVudFwvdXBsb2Fkc1wvMjAyM1wvMDdcL0ZCX0lNR18xNjkwMzU0Nzc5OTU4LmpwZyIsInNsaWRlc2hvdyI6IjUyODNmNTYifQ%3D%3D\" href='https:\/\/hcc-karneval.de\/wp-content\/uploads\/2023\/07\/FB_IMG_1690354779958.jpg'><img width=\"150\" height=\"150\" src=\"https:\/\/hcc-karneval.de\/wp-content\/uploads\/2023\/07\/FB_IMG_1690354779958-150x150.jpg\" class=\"attachment-thumbnail size-thumbnail\" alt=\"\" decoding=\"async\" loading=\"lazy\" aria-describedby=\"gallery-1-1310\" srcset=\"https:\/\/hcc-karneval.de\/wp-content\/uploads\/2023\/07\/FB_IMG_1690354779958-150x150.jpg 150w, https:\/\/hcc-karneval.de\/wp-content\/uploads\/2023\/07\/FB_IMG_1690354779958-100x100.jpg 100w\" sizes=\"100vw\" \/><\/a>\n\t\t\t<\/div>\n\t\t\t\t<figcaption class='wp-caption-text gallery-caption' id='gallery-1-1310'>\n\t\t\t\tFoto: Hans-Joachim Of\n\t\t\t\t<\/figcaption><\/figure><figure class='gallery-item'>\n\t\t\t<div class='gallery-icon landscape'>\n\t\t\t\t<a data-elementor-open-lightbox=\"yes\" data-elementor-lightbox-slideshow=\"5283f56\" data-elementor-lightbox-title=\"FB_IMG_1690354763626\" e-action-hash=\"#elementor-action%3Aaction%3Dlightbox%26settings%3DeyJpZCI6MTMwOSwidXJsIjoiaHR0cHM6XC9cL2hjYy1rYXJuZXZhbC5kZVwvd3AtY29udGVudFwvdXBsb2Fkc1wvMjAyM1wvMDdcL0ZCX0lNR18xNjkwMzU0NzYzNjI2LmpwZyIsInNsaWRlc2hvdyI6IjUyODNmNTYifQ%3D%3D\" href='https:\/\/hcc-karneval.de\/wp-content\/uploads\/2023\/07\/FB_IMG_1690354763626.jpg'><img width=\"150\" height=\"150\" src=\"https:\/\/hcc-karneval.de\/wp-content\/uploads\/2023\/07\/FB_IMG_1690354763626-150x150.jpg\" class=\"attachment-thumbnail size-thumbnail\" alt=\"\" decoding=\"async\" loading=\"lazy\" aria-describedby=\"gallery-1-1309\" srcset=\"https:\/\/hcc-karneval.de\/wp-content\/uploads\/2023\/07\/FB_IMG_1690354763626-150x150.jpg 150w, https:\/\/hcc-karneval.de\/wp-content\/uploads\/2023\/07\/FB_IMG_1690354763626-100x100.jpg 100w\" sizes=\"100vw\" \/><\/a>\n\t\t\t<\/div>\n\t\t\t\t<figcaption class='wp-caption-text gallery-caption' id='gallery-1-1309'>\n\t\t\t\tFoto: Hans-Joachim Of\n\t\t\t\t<\/figcaption><\/figure>\n\t\t<\/div>\n\t\t<\/div>\n\t\t\t\t<\/div>\n\t\t\t\t<\/div>\n\t\t\t\t\t\t<\/div>\n\t\t\t\t\t<\/div>\n\t\t<\/div>\n\t\t\t\t\t\t\t\t<\/div>\n\t\t\t\t\t<\/div>\n\t\t<\/section>\n\t\t\t\t\t\t\t\t\t<\/div>\n\t\t\t<\/div>\n\t\t\t\t\t<\/div>\n\t\t","protected":false},"excerpt":{"rendered":"<p>H\u00f6hepunkt des dreit\u00e4gigen Jubil\u00e4umsfestes war der Nachtumzug am Samstagabend mit 30 Fu\u00dfgruppen, die dank ihrer ausgelassenen Fr\u00f6hlichkeit und angesichts der hochsommerlichen Temperaturen f\u00fcr brasilianisches Flair entlang der Umzugsstrecke sorgten. Foto: Hans-Joachim Of Foto: Hans-Joachim Of Foto: Hans-Joachim Of<\/p>\n","protected":false},"author":1,"featured_media":0,"parent":61,"menu_order":0,"comment_status":"closed","ping_status":"closed","template":"","meta":[],"_links":{"self":[{"href":"https:\/\/hcc-karneval.de\/index.php?rest_route=\/wp\/v2\/pages\/1532"}],"collection":[{"href":"https:\/\/hcc-karneval.de\/index.php?rest_route=\/wp\/v2\/pages"}],"about":[{"href":"https:\/\/hcc-karneval.de\/index.php?rest_route=\/wp\/v2\/types\/page"}],"author":[{"embeddable":true,"href":"https:\/\/hcc-karneval.de\/index.php?rest_route=\/wp\/v2\/users\/1"}],"replies":[{"embeddable":true,"href":"https:\/\/hcc-karneval.de\/index.php?rest_route=%2Fwp%2Fv2%2Fcomments&post=1532"}],"version-history":[{"count":5,"href":"https:\/\/hcc-karneval.de\/index.php?rest_route=\/wp\/v2\/pages\/1532\/revisions"}],"predecessor-version":[{"id":1547,"href":"https:\/\/hcc-karneval.de\/index.php?rest_route=\/wp\/v2\/pages\/1532\/revisions\/1547"}],"up":[{"embeddable":true,"href":"https:\/\/hcc-karneval.de\/index.php?rest_route=\/wp\/v2\/pages\/61"}],"wp:attachment":[{"href":"https:\/\/hcc-karneval.de\/index.php?rest_route=%2Fwp%2Fv2%2Fmedia&parent=1532"}],"curies":[{"name":"wp","href":"https:\/\/api.w.org\/{rel}","templated":true}]}}